{"id":80,"date":"2015-11-05T12:26:47","date_gmt":"2015-11-05T11:26:47","guid":{"rendered":"http:\/\/nordelbischerknabenchor.de\/?page_id=80"},"modified":"2018-01-21T16:09:35","modified_gmt":"2018-01-21T15:09:35","slug":"dabei-sein","status":"publish","type":"page","link":"https:\/\/nordelbischerknabenchor.de\/?page_id=80","title":{"rendered":"DABEI SEIN"},"content":{"rendered":"<p>Wenn Du&#8230;<\/p>\n<ul>\n<li>gerne singst,<\/li>\n<li>Lust hast, mit anderen Musik zu machen,<\/li>\n<li>Spa\u00df an gemeinsamen Auftritten hast,<\/li>\n<li>neue Freunde kennen lernen m\u00f6chtest<\/li>\n<li>und zwischen 8 und 12 Jahren alt bist&#8230;<\/li>\n<\/ul>\n<p>&#8230;dann freuen wir uns auf Dich!<\/p>\n<p>Kinder ab dem Grundschulalter k\u00f6nnen als Vorbereitung f\u00fcr den Konzertchor im Vorchor des Nordelbischen Knabenchores unter der Leitung von Frau Hansen mitsingen. Die Proben hierf\u00fcr finden immer mittwochs von 16:00 Uhr bis 16:45 Uhr statt.<\/p>\n<p>&nbsp;<\/p>\n<p>Bitte wenden Sie sich bei Interesse\u00a0an Monja Reuter<\/p>\n<p>Telefon: 0451 4991460<\/p>\n<p>Email: monja.reuter@web.de<\/p>\n<p>&nbsp;<\/p>\n<p>Gerne k\u00f6nnen Sie mit Ihrem Sohn auch an einem der Probentage (Mittwoch um 16 Uhr, oder Sonnabend um 14 Uhr) in St. Gertrud vorbeischauen.<\/p>\n<p>Probenort: Gemeindesaal der St. Gertrud Kirche, Gustav-Adolf-Stra\u00dfe 8-10, 23568 L\u00fcbeck<\/p>\n<p>&nbsp;<\/p>\n","protected":false},"excerpt":{"rendered":"<p>Wenn Du&#8230; gerne singst, Lust hast, mit anderen Musik zu machen, Spa\u00df an gemeinsamen Auftritten hast, neue Freunde kennen lernen m\u00f6chtest und zwischen 8 und 12 Jahren alt bist&#8230; &#8230;dann freuen wir uns auf Dich! Kinder ab dem Grundschulalter k\u00f6nnen als Vorbereitung f\u00fcr den Konzertchor im Vorchor des Nordelbischen Knabenchores unter der Leitung von Frau<br \/><a class=\"moretag\" href=\"https:\/\/nordelbischerknabenchor.de\/?page_id=80\">+ Read More<\/a><\/p>\n","protected":false},"author":1,"featured_media":0,"parent":0,"menu_order":0,"comment_status":"closed","ping_status":"closed","template":"","meta":{"footnotes":""},"class_list":["post-80","page","type-page","status-publish","hentry"],"_links":{"self":[{"href":"https:\/\/nordelbischerknabenchor.de\/index.php?rest_route=\/wp\/v2\/pages\/80","targetHints":{"allow":["GET"]}}],"collection":[{"href":"https:\/\/nordelbischerknabenchor.de\/index.php?rest_route=\/wp\/v2\/pages"}],"about":[{"href":"https:\/\/nordelbischerknabenchor.de\/index.php?rest_route=\/wp\/v2\/types\/page"}],"author":[{"embeddable":true,"href":"https:\/\/nordelbischerknabenchor.de\/index.php?rest_route=\/wp\/v2\/users\/1"}],"replies":[{"embeddable":true,"href":"https:\/\/nordelbischerknabenchor.de\/index.php?rest_route=%2Fwp%2Fv2%2Fcomments&post=80"}],"version-history":[{"count":8,"href":"https:\/\/nordelbischerknabenchor.de\/index.php?rest_route=\/wp\/v2\/pages\/80\/revisions"}],"predecessor-version":[{"id":276,"href":"https:\/\/nordelbischerknabenchor.de\/index.php?rest_route=\/wp\/v2\/pages\/80\/revisions\/276"}],"wp:attachment":[{"href":"https:\/\/nordelbischerknabenchor.de\/index.php?rest_route=%2Fwp%2Fv2%2Fmedia&parent=80"}],"curies":[{"name":"wp","href":"https:\/\/api.w.org\/{rel}","templated":true}]}}